False
Suppose 144 + 132 = -6*x. Let o = -41 - x. Suppose 0*z = -o*z + 395. Is z a composite number?
False
Suppose 0 = 4*z - 5*k - 10, -3*k = -0*z + 5*z - 31. Is (z + 0)*5878/10 a prime number?
True
Suppose 4*y + 10*y + 23*y - 477707 = 0. Is y prime?
True
Let b(i) = -9032*i + 2293. Is b(-99) a prime number?
False
Suppose 8*k + 0*k - 5*f = 1284962, -4*f - 803103 = -5*k. Is k prime?
True
Suppose -537 + 527 = -5*f. Let h = 942 + 126. Suppose 2*l + 1506 = f*u - h, -u = 2*l - 1275. Is u a composite number?
False
Suppose 3*w + 6 = -4*l - 0*w, 5*l + w = -13. Is 5356 - 3 - 6*2/l a prime number?
False
Let d(q) = 23 + 24 + 0*q - 4*q - 9*q. Let y be d(5). Is y/(-27) + 397/3 a composite number?
True
Let u be 4*(5 - (-28)/(-8)). Suppose u*m + 77 = 7823. Is m a prime number?
True
Let k = 12655 + -5235. Let n = k + 1185. Is n composite?
True
Suppose 3*p + 5 = 11. Suppose 5*w = -p*s - 21, 4*s + w + w + 18 = 0. Let v(a) = 54*a**2 + 5*a + 2. Is v(s) composite?
True
Suppose -25*p - 1817031 = -58*p - 104*p. Is p prime?
False
Let d(g) = 365*g**2 - 266*g + 232. Is d(-55) prime?
True
Suppose 2 = -4*m - 2. Let f be (m + (-4)/(-2))/(28/56). Suppose -f*s + 24530 = 8*s. Is s a prime number?
False
Let k = 12235 - -518616. Is k a prime number?
True
Suppose 59*k + 13973169 = 38772816. Is k prime?
False
Let z = 8743 - 12543. Let s = -2229 - z. Is s a composite number?
False
Let w(r) = -184*r**2 + 8*r - 11. Let q be w(2). Let y = -400 - q. Is y a prime number?
True
Suppose 0 = 4*c + 2*f + 173 + 53, -5*c = -5*f + 245. Let d = 109 - c. Is d composite?
False
Let v(p) = -p**3 - 50*p**2 + 58*p - 35. Let z(b) = -17*b**2 + 19*b - 11. Let k(s) = -2*v(s) + 7*z(s). Is k(16) a composite number?
False
Let g(v) = v**3 + 13*v**2 - 30*v + 9. Let x be g(-15). Suppose -10*j = -x*j + 29. Is (-24 - j) + 834/1 a composite number?
False
Suppose v + 0*v + 29948 = 367577. Is v prime?
False
Let r = -5512 + 14685. Is r a prime number?
True
Let w be 232/(-29)*(-10)/4. Is (3/(-12)*-431)/(w/2960) a composite number?
True
Let q = 114055 - 273383. Let w be q/(-39) + 2/3. Suppose 0 = 5*h - w - 2809. Is h a prime number?
False
Let b(q) = 7 - 86*q + 11 - 111*q. Let g(r) = 5*r**3 + 65*r**2 + 4*r + 33. Let d be g(-13). Is b(d) composite?
False
Let k = 47 - -48. Suppose 16*m - 17*m = -k. Suppose 0 = -m*u + 94*u + 1949. Is u a prime number?
True
Suppose a + 5*c = 1371, a - 683 = 4*c + 706. Let q = 2766 - a. Is q a prime number?
False
Suppose 5 = 2*k + 3*p, -2*k + 2*p = -7*k + 18. Suppose 4*m - 1114 - 3890 = -k*z, -5*m + 6231 = -z. Is m a prime number?
False
Is (-66)/(-176) - -840901*6/48 a composite number?
True
Is (382*7/42)/((-9)/(-3429)) prime?
False
Suppose -3*h + t + 79418 = 0, 0 = 40*t - 39*t - 1. Is h a composite number?
True
Suppose 0 = -46*j - 24*j + 3868647 + 4701383. Is j a composite number?
True
Let i be 10 + ((-4)/6 - 2/(-3)). Suppose 10*m - i = 8*m. Suppose -m*b + 0*b + 2945 = -5*x, -b = x - 593. Is b a composite number?
True
Let t(r) = 414*r**2 - 37*r - 278. Is t(15) composite?
False
Let z(v) = 7*v + 1. Let i be z(-1). Let k be (-3)/(-6)*i - -248. Suppose 3*b + r - 791 = 0, 0*b + 5*r - k = -b. Is b a prime number?
False
Let z(x) = 3*x**3 + 4*x**2 + 4*x - 2. Let o(l) = -2*l - 2. Let b be o(-3). Let t be (5/(-4))/(b/(-17 - -1)). Is z(t) a composite number?
True
Let c(z) = -2532*z**3 + 2*z**2 + 36*z + 95. Is c(-3) composite?
True
Let m(x) be the first derivative of 87*x**2 + 37*x + 48. Is m(10) prime?
True
Let h = 4673 + -2054. Let i = h - 634. Is i prime?
False
Let b = 486676 + -334955. Is b a composite number?
True
Let m be -2*(-3)/6*2. Suppose -35570 = -12*j + m*j. Is j composite?
False
Let a be ((-3)/(-2) - 0)/((-68)/(-272)). Suppose -10115 = -a*f + 18151. Is f a composite number?
True
Let b = -408058 + 573807. Is b composite?
False
Let f be 5 + -1 + (4 - 3). Suppose 0 = j + f*j - 3522. Is j prime?
True
Let i be (10/3)/((-2)/(-3)). Let p(g) = 14*g + 0*g - 54777 + 54794. Is p(i) composite?
True
Let p(g) = 436*g**2 + 308*g + 11. Is p(-6) a composite number?
False
Suppose -21*i + 503382 + 150929 + 201208 = 0. Is i prime?
True
Let q be 797796/72 - (0 + (-6)/(-4)). Let u = q + -5560. Is u composite?
False
Let m = 1666 + -1071. Let i be (-5)/1*-1 - 2/1. Suppose -2*p + m = i*p. Is p a composite number?
True
Suppose t + 11 + 6 = 5*d, 0 = 4*t + 8. Suppose -3*v + d*h + 50830 = 2*v, h + 30502 = 3*v. Is v a composite number?
False
Suppose q - 291599 = -5*d, 583218 = -142*q + 144*q + 5*d. Is q a prime number?
True
Suppose -4*m - 12 = -x + 2*x, -5*x - 15 = 5*m. Suppose g = 2*v - x + 1, -2*g = -3*v - 2. Suppose -4*c - 2*l + 188 = v, -57 = -c + 3*l - l. Is c a prime number?
False
Let v be 84/30 - 1/(-5). Suppose 0 = v*m - m - 2*t - 3378, 8441 = 5*m - 4*t. Is m a composite number?
True
Let f(s) = -986*s**3 + 4*s**2 + 3*s. Let w(c) = -1973*c**3 + 7*c**2 + 5*c. Let z(j) = -7*f(j) + 4*w(j). Suppose -7 = 6*g + g. Is z(g) a prime number?
True
Suppose 0*g - 10 = -5*g - c, -6 = -g - c. Is 1528 + -6 + g + 0 + 0 prime?
True
Let b(u) = 10*u - 15*u + 213*u**2 + 15 + 11*u + 23*u. Is b(-6) composite?
True
Let s(c) = -1926*c**2 + 5*c - 4. Let i be s(2). Let l = i - -11259. Is l composite?
True
Suppose 0 = -3*a - 8426 - 4243. Suppose -11*i = -22*i - 139854. Let j = a - i. Is j a composite number?
True
Let y(j) = 5*j + 22. Let x be y(-4). Suppose -2*m + m - 3*s = -476, 0 = -2*s - x. Is m a composite number?
False
Let r(w) = w**3 - 22*w**2 + w**2 + 6*w - 17*w + 0*w + 47 - 6*w. Is r(24) a prime number?
True
Let n = 592156 + 460453. Is n a composite number?
False
Suppose 0 = 334*v - 66364143 - 212119379. Is v a prime number?
True
Let t(o) = o**3 + 91*o**2 - 87*o - 650. Is t(-63) prime?
True
Suppose -66*b + 121*b = 1372415. Is b composite?
False
Let x(d) = d**2 + 33*d - 55. Let b be x(-34). Let n(q) = 49. Let k(h) = -h + 48. Let y(t) = 3*k(t) - 4*n(t). Is y(b) prime?
True
Let z(l) = -2*l + 176. Let r be z(0). Suppose 7*m + 693 = -2*m. Is (r + 1)*m/(-21) composite?
True
Suppose -2*y + 521237 = 3*m, 522*y = -2*m + 526*y + 347518. Is m prime?
False
Let j(p) = 5*p**3 + 18*p**2 + 28*p + 29. Is j(12) prime?
True
Let f(y) = 107 - 2*y**2 + y**3 - 2*y + 3*y**2 - 2*y**2. Let x be f(0). Let v = x + 200. Is v a composite number?
False
Is (2 + -2 - -26025) + 0 + 4/2 a composite number?
True
Suppose 27*x + 25*x = 34210228. Is x a composite number?
True
Suppose -h + 19129 = 4*u, -4324 = 2*h - 2*u - 42532. Let y = -5592 + h. Is y a composite number?
True
Let x(a) be the first derivative of 423*a**2/2 + 7*a - 24. Is x(2) a prime number?
True
Suppose 639*b + 104092 = v + 638*b, v - 2*b - 104097 = 0. Is v a composite number?
False
Suppose -30*b + 135233 = -293857. Is b prime?
True
Let y(c) = c**2 - 4*c - 3. Let k be y(-1). Suppose k*u = 3*h + 22, -3*h + 4*u + 0*u = 14. Let g(d) = -4*d**3 - 17*d**2 + 2*d + 5. Is g(h) prime?
False
Let p = -205652 + 1143363. Is p a prime number?
False
Suppose 2*l - 145588 = -2*c, -68669 = -5*l + 3*c + 295325. Is l composite?
False
Let o be (-142)/(-3) - (-2)/(-6) - 2. Suppose p - o = -4*p. Suppose p*t + 2*t - 14971 = 0. Is t composite?
False
Let s be ((-12432)/(-40))/(10/(-175)). Let x = 10300 + s. Is x prime?
True
Let q(p) = 16*p**2 - 6*p + 9. Suppose v + 5*j - 42 = 29, -3*j = 4*v - 216. Suppose -5*t - b - v = 0, b + 35 = -3*t - 4*b. Is q(t) composite?
False
Suppose a = 5*l - 9*l + 29167, 0 = a - 3*l - 29188. Is a prime?
True
Let r be 357/(-170) + (-2)/(-20). Is (-4449)/((-1)/(-1) + r) prime?
False
Suppose -2*v + 15 = 3*v. Let l be v/12*0 + -4205 - 1. Is l/(-22) - (40/(-44))/(-5) a composite number?
False
Let k(w) = 235*w**3 - 25*w**2 + 8*w + 1. Let h be k(5). Let r = 48934 - h. Is r a prime number?
True
Suppose 0 = 19*a + 24*a - 16254. Let v be 2 - -2 - (-4 + 3). Suppose -w - w = -v*o - 372, -a = -2*w + 2*o. Is w composite?
False
Suppose 6622370 - 124250 = 93*v + 27*v. Is v a prime number?
True
Let x be 22/(-12) + 2 + (-1736)/48. Is (-256360)/(-36) - (-4)/x a prime number?
True
Let q(l) = l**3 + l**2 - 15*l - 1. Let y be q(-11). Let k = y + 2857. Is k a composite number?
False
Let h(n) = -2*n**2 - 63*n - 27. Let f be h(-31). Suppose 9127 - 26927 = -t - 5*k, -f*t + 3*k + 71177 = 0. Is t prime?
False
Let v(p) = p**2. Let f(t) = 9*t**2 - 5*t - 25. Let s(g) = f(g) + 2*v(g). Let c be -15 + 8 + 30/(-6). Is s(c) a prime 